- 20. Let t(m) = 3*m + 9. Let k be t(h). List the prime factors of 2*3 + 9 + k.
2, 3
Suppose 8*f - 9*f - 124 = 0. Let b = f + 199. What are the prime factors of b?
3, 5
Let y = 0 + 2. Suppose -4*h + 0*h + 4 = 4*b, 2*h + 3*b + y = 0. Suppose 0 = -2*x + h*l + 45, -x - 3*l = -0*l + 5. What are the prime factors of x?
2, 5
Let p(b) = 12*b**2 - 9*b - 99. List the prime factors of p(-11).
2, 3, 11
Let w(z) = -z**2. Let n be w(0). Suppose n = -2*d - 4*i + 4 + 4, 0 = 4*d - 2*i - 16. Suppose d*o = 34 + 14. List the prime factors of o.
2, 3
Suppose 0 = 83*o - 108*o + 2425. What are the prime factors of o?
97
Let p be 2/6*-3 + -5 + 25. Suppose 0 - 3 = -b. Let x = p - b. List the prime factors of x.
2
Let n(o) = -2*o**3 - 3*o**2. Let x be n(-2). Suppose 0 = -4*h + h + 9, -4*v + x*h - 80 = 0. Let s = 15 - v. List the prime factors of s.
2
Let m be (-1864)/36 + 6/(-27). Let u be (-6)/8 + (-5655)/m. Suppose 0 = -4*i - 4*n + u, -n - 3*n = -5*i + 162. List the prime factors of i.
2, 3, 5
Let p(l) = l**2 - l + 93. Let h be p(0). Suppose z - h = -0*z. What are the prime factors of z?
3, 31
Let d be 2/(-2) + 10/5 + 10. Suppose 2*i = 5*l - d - 70, -2*l - 3*i = -21. What are the prime factors of l?
3, 5
Let b(f) be the third derivative of -5*f**4/24 - f**3 - 9*f**2. What are the prime factors of b(-6)?
2, 3
Let f be 240/108 - (0 + 2/9). Suppose 610 + 72 = 5*x - f*c, 702 = 5*x + 3*c. List the prime factors of x.
2, 3, 23
Let c = -830 - -1526. Suppose -13*i + 10*i = -c. What are the prime factors of i?
2, 29
Let r(q) = -q**2 - 8*q - 9 + 1 - 2 + 2. Let j be r(-6). Suppose -7*u = -j*u - 30. List the prime factors of u.
2, 5
Let v be ((-1)/(-4))/1 + 33/12. Suppose 5*u - v*n = 23 + 383, -n + 3 = 0. What are the prime factors of u?
83
Let g(j) = -5*j**2 + 12*j**2 + 0*j + 3 + 3*j - 6*j**2. What are the prime factors of g(6)?
3, 19
Let u(o) = o**2 + 17*o - 95. List the prime factors of u(12).
11, 23
Let m(g) = 33*g - 267. List the prime factors of m(22).
3, 17
Suppose 9086*m + 16074 = 9092*m. What are the prime factors of m?
3, 19, 47
Let w(a) = -a**2 - 17*a + 10. Let k be w(-8). Let q = k + -14. Suppose 2*s - 15 = 5*x + q, -4*x - 12 = 0. List the prime factors of s.
2, 17
List the prime factors of ((-169)/26 + -1)/(6/(-2408)).
2, 5, 7, 43
List the prime factors of 21/(-14) + (-1353)/(-6).
2, 7
Suppose o = -o + 4*f + 154, 4*o - 2*f = 332. What are the prime factors of 1734/o + 6/10?
3, 7
Let s be 5/(-2) - 2/4. Let h = 406 + -414. What are the prime factors of (105/20)/(s/h)?
2, 7
Let v = 3854 - 1779. What are the prime factors of v?
5, 83
Suppose 2*i = -2 + 8. Suppose 30 - 295 = -2*n - i*f, 0 = 3*n - 3*f - 390. List the prime factors of n.
131
Let k(n) = 170*n + 234. What are the prime factors of k(8)?
2, 797
Let g(x) = 33*x. Let h be g(2). Suppose 5*s + 4*z = z + 154, 2*s = z + h. Suppose 0 = c - 2*a - 17, -4*c + 2*c + s = -3*a. What are the prime factors of c?
13
Let t = 11 - 10. Let i be (3 - 2)*(72 + t). Let v = -41 + i. List the prime factors of v.
2
Suppose -25 = 5*d, 2*d = n + d - 118. Suppose 3*f - n = -29. List the prime factors of f.
2, 7
Let c(y) = 0 + 1 + 1 - y**2 - 7*y + 0. Let x be c(-7). Suppose 41 = z - 0*i + 2*i, -2*i = x*z - 84. What are the prime factors of z?
43
Let j = -9 - -523. Let y = j + -343. What are the prime factors of y?
3, 19
Let j = 56 - 65. Let b = 8 - 4. List the prime factors of 3 - 2 - b - j.
2, 3
Let q(s) = -151*s - 75. What are the prime factors of q(-3)?
2, 3, 7
Let o(t) = -2*t + 3 + 0*t - 1 + 4*t + t**2. Let x be o(-3). Suppose -24 = -x*h - 9, 5*g + 3*h = 234. List the prime factors of g.
3, 5
Let g(c) = -c + 17. Let v be ((-120)/36)/(4/(-6)). What are the prime factors of g(v)?
2, 3
Let j(c) = c + 3. Let d be j(-5). Let r = -5 - d. Let m = r + 10. List the prime factors of m.
7
Let x(c) = -3*c**3 + 101*c**2 + 47*c - 56. List the prime factors of x(34).
2, 193
Let t = 1060 - 661. Suppose t = 15*x - 12*x. What are the prime factors of x?
7, 19
Suppose -x + 74 = 77. Let i be (-172)/3 - 4/6. Let j = x - i. List the prime factors of j.
5, 11
Suppose j = 3*a + 1650, -4*a + 8212 = -20*j + 25*j. List the prime factors of j.
2, 3, 137
Let u(h) = 3*h**3 - h**2 - 7. What are the prime factors of u(5)?
7
Let m(c) = c**3 - 5*c**2 - 8*c + 15. Let d be m(6). Suppose 0 = d*z - 825 + 243. List the prime factors of z.
2, 97
List the prime factors of (2912/12)/(4/18) - 0.
2, 3, 7, 13
Let r(a) = 3*a**3 - 15*a**2 + 20*a - 65. List the prime factors of r(11).
2333
Suppose 10*r - 13*r - 6 = 0. Let i be 35*(-3 - r - -2). List the prime factors of (-1)/5 + 497/i.
2, 7
Suppose -9*u - 5 = -14*u. What are the prime factors of (1485/21 - u) + 2/7?
2, 5, 7
Let k(x) be the third derivative of x**6/120 - x**5/30 - x**4/4 - x**3 - 2*x**2. Let c be k(5). Suppose -c = -2*n - n. What are the prime factors of n?
13
Let a(z) = -289*z + 19. What are the prime factors of a(-1)?
2, 7, 11
Let v(c) = -c**3 + 6*c**2 - 8*c + 22. List the prime factors of v(-8).
2, 491
Suppose 1441 = -3*n + 4*n. List the prime factors of n.
11, 131
Let a(m) = -m**2 + 7*m. Let j be a(4). Suppose -30 = -2*g + j. What are the prime factors of g?
3, 7
Let a(b) = -18*b - 5. Let o be a(-9). Suppose 7*g - o - 151 = 0. List the prime factors of g.
2, 11
Suppose -7*o + 27*o - 2180 = 0. What are the prime factors of o?
109
Suppose 4*i = -o + 3*i + 423, 2109 = 5*o + 2*i. What are the prime factors of o?
421
Let s = -8 + 17. Suppose -50 = 4*d - s*d. Suppose 0 = 3*p - 68 - d. List the prime factors of p.
2, 13
Suppose 0 = 2*y - 5*d - 30, 5*d - 40 = 3*y - 8*y. Let w be ((-2)/(-3))/((-2)/(-21)). Suppose -l = -w - y. What are the prime factors of l?
17
What are the prime factors of 8 - 6/(-24)*13876?
3, 19, 61
Suppose -4*n = -5*n. Let h(d) = 0*d - d + n + 52*d**2 - 1. What are the prime factors of h(1)?
2, 5
Let s be ((-46)/4)/(21/(-42)). Let x = s - 25. List the prime factors of 4 - (-4 + -17) - x.
3
Let o(y) = 68*y - 4. What are the prime factors of o(1)?
2
Suppose -d = l + 41, 0 = l - d + 35 + 8. What are the prime factors of (-1 + -3)/((4/l)/2)?
2, 3, 7
Let h = -10 + 17. Let u be 3*(h + -4) + 0. What are the prime factors of (-2)/u + 1740/54?
2
Suppose -45*o + 25382 = 4*o. What are the prime factors of o?
2, 7, 37
Let c(q) = -q**3 + q**2 + q - 4. Let d be c(0). Let y be 1 + 51*d/4. Let i = 86 + y. List the prime factors of i.
2, 3
Let k(x) = 2*x**3 + x**2 - 2*x + 1. Let h be k(2). Suppose -h = -3*j + j - 5*c, 3*c - 52 = -5*j. List the prime factors of j.
11
Suppose 0 = -4*y + 4 + 4. Suppose 0 = -a - y*a + 66. Let n = a - 15. What are the prime factors of n?
7
Let m = -25 - -30. Suppose -5*j - m = -15. Suppose -j*y - 264 = -8*y. List the prime factors of y.
2, 11
Let l(y) = 171*y - 69. What are the prime factors of l(4)?
3, 5, 41
Let z be 10/(-55) - 1641/(-11). Let y = z + -114. What are the prime factors of y?
5, 7
Suppose -w - p + 3 = 0, -3*p = -0*w - 3*w + 9. What are the prime factors of 45/30*38/w?
19
Suppose -2596 = -5*z + 3*l, -2*l - 3 = 1. List the prime factors of z.
2, 7, 37
Suppose -13*l = -14*l + 69. List the prime factors of (l - (2 - 2/1)) + -1.
2, 17
Let r(n) = 2*n. Let c(x) = -33*x - 3. Let u(b) = -2*c(b) - 18*r(b). Let z be u(3). Suppose 3*o = -o + z. List the prime factors of o.
2, 3
Suppose -c = 3*x + 613, 28 = -2*x - c - 382. Let r = x - -304. List the prime factors of r.
101
Suppose 0 = 4*m + 1466 - 6378. What are the prime factors of m?
2, 307
Let t(o) = o**3 - o**2 - o + 63. Suppose -2*m = -4*k - k - 25, 3*m = -5*k - 25. What are the prime factors of t(m)?
3, 7
Let m(o) = -o**3 + 9*o**2 - o + 13. Let q be m(9). Let l be (-113)/(-3) + (-2)/(-6). Suppose 47 = q*p + u + 3, 5*p - l = 3*u. What are the prime factors of p?
2, 5
List the prime factors of ((-22)/(-8))/((-28)/(-4592)).
11, 41
Let g = 19 + 1295. What are the prime factors of g?
2, 3, 73
Let c = 145 + -93. Suppose -4*z + 8*z = c. Suppose 0 = -u + t + z, -48 = -u - 3*u + 2*t. What are the prime factors of u?
11
Let g(a) = -36*a - 10. Let h(z) = 35*z + 9. Let m(p) = 2*g(p) + 3*h(p). Let j be m(5). Suppose -8*r = -4*r - j. What are the prime factors of r?
43
Suppose 11 = -q + d, -2*q + 4 = 2*d + 22. Let y = q - -17. List the prime factors of y.
7
Suppose 7952 = 22*l + 6*l. What are the prime factors of l?
2, 71
Let s = -446 - -